{"id":29395,"date":"2025-11-10T12:48:56","date_gmt":"2025-11-10T15:48:56","guid":{"rendered":"https:\/\/ssr.cl\/home\/?page_id=29395"},"modified":"2025-11-10T12:48:58","modified_gmt":"2025-11-10T15:48:58","slug":"primera-comunion-en-valparaiso","status":"publish","type":"page","link":"https:\/\/ssr.cl\/home\/primera-comunion-en-valparaiso\/","title":{"rendered":"Primera Comuni\u00f3n en Valpara\u00edso"},"content":{"rendered":"\n<p>En un ambiente de alegr\u00eda y emoci\u00f3n los estudiantes de 5\u00b0 b\u00e1sico de la sede de Valpara\u00edso recibieron este viernes 7 de noviembre el Sacramento de la Primera Comuni\u00f3n, acompa\u00f1ados de sus padres, familiares y amigos.<\/p>\n\n\n\n<p>La Eucarist\u00eda, celebrada por nuestro capell\u00e1n Padre Erwin Prieto, se vivi\u00f3 con un marcado sentido comunitario. Durante la misa, los ni\u00f1os participaron activamente en las ofrendas, las lecturas y los cantos, dando testimonio de la fe que han cultivado durante su preparaci\u00f3n.<\/p>\n\n\n\n<p>La misa tuvo una amplia convocatoria, en su mayor\u00eda familiares que acompa\u00f1aron con entusiasmo y orgullo este paso tan importante en la vida de sus hijos al encontrarse con Cristo a trav\u00e9s de la comuni\u00f3n.<\/p>\n\n\n\n<p>Agradecemos de manera especial el trabajo del equipo de Pastoral y Catequesis, quienes guiaron a los ni\u00f1os en este proceso, transmitiendo el valor de la fe y del encuentro personal con Dios.<\/p>\n\n\n\n<p>Invitamos a los padres y madres a seguir acompa\u00f1ando a sus hijos en este camino de fe, motiv\u00e1ndolos a participar de la misa dominical y vivir la oraci\u00f3n en familia.<\/p>\n\n\n\n<figure class=\"wp-block-gallery has-nested-images columns-default is-cropped wp-block-gallery-1 is-layout-flex wp-block-gallery-is-layout-flex\">\n<figure class=\"wp-block-image size-large\"><img fetchpriority=\"high\" decoding=\"async\" width=\"1024\" height=\"768\" data-id=\"29394\" src=\"https:\/\/ssr.cl\/home\/wp-content\/uploads\/2025\/11\/Web-1-Comunion-val.zip-2-1024x768.png\" alt=\"\" class=\"wp-image-29394\" srcset=\"https:\/\/ssr.cl\/home\/wp-content\/uploads\/2025\/11\/Web-1-Comunion-val.zip-2-1024x768.png 1024w, https:\/\/ssr.cl\/home\/wp-content\/uploads\/2025\/11\/Web-1-Comunion-val.zip-2-300x225.png 300w, https:\/\/ssr.cl\/home\/wp-content\/uploads\/2025\/11\/Web-1-Comunion-val.zip-2-768x576.png 768w, https:\/\/ssr.cl\/home\/wp-content\/uploads\/2025\/11\/Web-1-Comunion-val.zip-2.png 1200w\" sizes=\"(max-width: 1024px) 100vw, 1024px\" \/><\/figure>\n\n\n\n<figure class=\"wp-block-image size-large\"><img decoding=\"async\" width=\"1024\" height=\"768\" data-id=\"29393\" src=\"https:\/\/ssr.cl\/home\/wp-content\/uploads\/2025\/11\/Web-1-Comunion-val.zip-1-1024x768.png\" alt=\"\" class=\"wp-image-29393\" srcset=\"https:\/\/ssr.cl\/home\/wp-content\/uploads\/2025\/11\/Web-1-Comunion-val.zip-1-1024x768.png 1024w, https:\/\/ssr.cl\/home\/wp-content\/uploads\/2025\/11\/Web-1-Comunion-val.zip-1-300x225.png 300w, https:\/\/ssr.cl\/home\/wp-content\/uploads\/2025\/11\/Web-1-Comunion-val.zip-1-768x576.png 768w, https:\/\/ssr.cl\/home\/wp-content\/uploads\/2025\/11\/Web-1-Comunion-val.zip-1.png 1200w\" sizes=\"(max-width: 1024px) 100vw, 1024px\" \/><\/figure>\n\n\n\n<figure class=\"wp-block-image size-large\"><img decoding=\"async\" width=\"1024\" height=\"768\" data-id=\"29392\" src=\"https:\/\/ssr.cl\/home\/wp-content\/uploads\/2025\/11\/Web-1-Comunion-val.zip-3-1024x768.png\" alt=\"\" class=\"wp-image-29392\" srcset=\"https:\/\/ssr.cl\/home\/wp-content\/uploads\/2025\/11\/Web-1-Comunion-val.zip-3-1024x768.png 1024w, https:\/\/ssr.cl\/home\/wp-content\/uploads\/2025\/11\/Web-1-Comunion-val.zip-3-300x225.png 300w, https:\/\/ssr.cl\/home\/wp-content\/uploads\/2025\/11\/Web-1-Comunion-val.zip-3-768x576.png 768w, https:\/\/ssr.cl\/home\/wp-content\/uploads\/2025\/11\/Web-1-Comunion-val.zip-3.png 1200w\" sizes=\"(max-width: 1024px) 100vw, 1024px\" \/><\/figure>\n<\/figure>\n\n\n\n<p><\/p>\n","protected":false},"excerpt":{"rendered":"<p>En un ambiente de alegr\u00eda y emoci\u00f3n los estudiantes de 5\u00b0 b\u00e1sico de la sede de Valpara\u00edso recibieron este viernes 7 de noviembre el Sacramento de la Primera Comuni\u00f3n, acompa\u00f1ados de sus padres, familiares y amigos. La Eucarist\u00eda, celebrada por nuestro capell\u00e1n Padre Erwin Prieto, se vivi\u00f3 con un marcado sentido comunitario. Durante la misa, [&hellip;]<\/p>\n","protected":false},"author":4,"featured_media":29393,"parent":0,"menu_order":0,"comment_status":"closed","ping_status":"closed","template":"","meta":{"footnotes":""},"class_list":["post-29395","page","type-page","status-publish","has-post-thumbnail","hentry"],"_links":{"self":[{"href":"https:\/\/ssr.cl\/home\/wp-json\/wp\/v2\/pages\/29395","targetHints":{"allow":["GET"]}}],"collection":[{"href":"https:\/\/ssr.cl\/home\/wp-json\/wp\/v2\/pages"}],"about":[{"href":"https:\/\/ssr.cl\/home\/wp-json\/wp\/v2\/types\/page"}],"author":[{"embeddable":true,"href":"https:\/\/ssr.cl\/home\/wp-json\/wp\/v2\/users\/4"}],"replies":[{"embeddable":true,"href":"https:\/\/ssr.cl\/home\/wp-json\/wp\/v2\/comments?post=29395"}],"version-history":[{"count":3,"href":"https:\/\/ssr.cl\/home\/wp-json\/wp\/v2\/pages\/29395\/revisions"}],"predecessor-version":[{"id":29398,"href":"https:\/\/ssr.cl\/home\/wp-json\/wp\/v2\/pages\/29395\/revisions\/29398"}],"wp:featuredmedia":[{"embeddable":true,"href":"https:\/\/ssr.cl\/home\/wp-json\/wp\/v2\/media\/29393"}],"wp:attachment":[{"href":"https:\/\/ssr.cl\/home\/wp-json\/wp\/v2\/media?parent=29395"}],"curies":[{"name":"wp","href":"https:\/\/api.w.org\/{rel}","templated":true}]}}